{"id":7859,"date":"2024-11-25T10:35:34","date_gmt":"2024-11-25T09:35:34","guid":{"rendered":"https:\/\/www.klimapic.de\/?page_id=7859"},"modified":"2025-04-08T18:49:42","modified_gmt":"2025-04-08T16:49:42","slug":"flex-shooting","status":"publish","type":"page","link":"https:\/\/www.klimapic.de\/?page_id=7859","title":{"rendered":"Flex-Shooting"},"content":{"rendered":"\n<p>Seit dem 1.1.2025 habe ich ein komplett neuen Modell der Preisgestaltung. Mit dem Flex-Shooting decke ich die allermeisten Fototermine f\u00fcr 39 Euro pro Stunde ab.<\/p>\n\n\n\n<p>Dabei spielt es keine Rolle mehr, wer mit wem vor der Kamera steht. Du allein, mit der Freundin oder dem Freund, deiner Schwester oder Bruder. Auch kleine Familien sind mit diesem Model m\u00f6glich.<\/p>\n\n\n\n<p>Die einzige Ausnahme vom Flex-Shooting sind Termine mit gr\u00f6\u00dferem Planungsaufwand wie z.B. Hochzeiten, Feiern, Junggesellen(in)-Abschiede und Firmenportraits. Diese werden wie bisher nach Aufwand und Umfang bemessen.<\/p>\n\n\n\n<p>Was ist in dem Flex-Shooting enthalten:<br>&#8211; 5 Bilder\/Stunde<br>&#8211; Location deiner Wahl<br>&#8211; Anfahrt bis 30 km<br>&#8211; Digitaler Download<br>&#8211; Vorgespr\u00e4ch\/Planung<\/p>\n\n\n\n<p>Zus\u00e4tzlich kannst du bis zu 5 Bilder\/Stunde ohne Mehrkosten bekommen, wenn ich eine Freigabe von dir f\u00fcr von mir ausgesuchten Bildern zur Nutzung auf Social Media, Webseiten und Flyern bekomme.<\/p>\n\n\n\n<p>Solltet ihr mehr als 5 Personen sein, empfehle ich euch eine zweite Stunde zu buchen. So hat jeder genug Zeit um in Ruhe vor der Kamera zu seinen Bildern zu kommen.<\/p>\n\n\n\n<p>M\u00f6chtest du mehr als die im Grundpreis enthaltenen Bilder aus dem Shooting haben, kannst du f\u00fcr 5 Euro je Bild die Auswahl vergr\u00f6\u00dfern. Dies wird dann nach der Auswahl separat berechnet.<\/p>\n\n\n\n<p>Wenn du jetzt ein Flex-Shooting buchen m\u00f6chtest, ben\u00f6tige ich folgende Daten am besten per Email oder WhatsApp:<br><br>&#8211; Deinen Namen und vollst\u00e4ndige Anschrift f\u00fcr die Rechnung<br>&#8211; Eckdaten wie Anzahl der Personen und wo ihr gerne Bilder machen m\u00f6chtet<br>&#8211; Wunschzeitraum f\u00fcr deine Bilder, damit ich dir schon Termine vorschlagen kann<\/p>\n\n\n\n<p>Einen Termin und alles Weitere sprechen wir danach in Ruhe ab. <\/p>\n\n\n\n<p>F\u00fcr Fragen oder Buchungen erreichst du mich \u00fcber diese Wege:<br><br>E-Mail: <a href=\"mailto:buchung@klimapic.de\">buchung@klimapic.de<\/a><br>WhatsApp: <a href=\"https:\/\/wa.me\/\"> <\/a><a href=\"https:\/\/wa.me\/4941217008888 \">https:\/\/wa.me\/4941217008888 <\/a><\/p>\n\n\n\n<p><\/p>\n","protected":false},"excerpt":{"rendered":"<p>Seit dem 1.1.2025 habe ich ein komplett neuen Modell der Preisgestaltung. Mit dem Flex-Shooting decke ich die allermeisten Fototermine f\u00fcr 39 Euro pro Stunde ab. Dabei spielt es keine Rolle mehr, wer mit wem vor der Kamera steht. Du allein, mit der Freundin oder dem Freund, deiner Schwester oder Bruder. Auch kleine Familien sind mit [&hellip;]<\/p>\n","protected":false},"author":1,"featured_media":0,"parent":0,"menu_order":0,"comment_status":"closed","ping_status":"closed","template":"","meta":{"ngg_post_thumbnail":0,"footnotes":""},"class_list":["post-7859","page","type-page","status-publish","hentry"],"_links":{"self":[{"href":"https:\/\/www.klimapic.de\/index.php?rest_route=\/wp\/v2\/pages\/7859","targetHints":{"allow":["GET"]}}],"collection":[{"href":"https:\/\/www.klimapic.de\/index.php?rest_route=\/wp\/v2\/pages"}],"about":[{"href":"https:\/\/www.klimapic.de\/index.php?rest_route=\/wp\/v2\/types\/page"}],"author":[{"embeddable":true,"href":"https:\/\/www.klimapic.de\/index.php?rest_route=\/wp\/v2\/users\/1"}],"replies":[{"embeddable":true,"href":"https:\/\/www.klimapic.de\/index.php?rest_route=%2Fwp%2Fv2%2Fcomments&post=7859"}],"version-history":[{"count":9,"href":"https:\/\/www.klimapic.de\/index.php?rest_route=\/wp\/v2\/pages\/7859\/revisions"}],"predecessor-version":[{"id":7980,"href":"https:\/\/www.klimapic.de\/index.php?rest_route=\/wp\/v2\/pages\/7859\/revisions\/7980"}],"wp:attachment":[{"href":"https:\/\/www.klimapic.de\/index.php?rest_route=%2Fwp%2Fv2%2Fmedia&parent=7859"}],"curies":[{"name":"wp","href":"https:\/\/api.w.org\/{rel}","templated":true}]}}

<p>Seit dem 1.1.2025 habe ich ein komplett neuen Modell der Preisgestaltung. Mit dem Flex-Shooting decke ich die allermeisten Fototermine für 39 Euro pro Stunde ab.</p>



<p>Dabei spielt es keine Rolle mehr, wer mit wem vor der Kamera steht. Du allein, mit der Freundin oder dem Freund, deiner Schwester oder Bruder. Auch kleine Familien sind mit diesem Model möglich.</p>



<p>Die einzige Ausnahme vom Flex-Shooting sind Termine mit größerem Planungsaufwand wie z.B. Hochzeiten, Feiern, Junggesellen(in)-Abschiede und Firmenportraits. Diese werden wie bisher nach Aufwand und Umfang bemessen.</p>



<p>Was ist in dem Flex-Shooting enthalten:<br>&#8211; 5 Bilder/Stunde<br>&#8211; Location deiner Wahl<br>&#8211; Anfahrt bis 30 km<br>&#8211; Digitaler Download<br>&#8211; Vorgespräch/Planung</p>



<p>Zusätzlich kannst du bis zu 5 Bilder/Stunde ohne Mehrkosten bekommen, wenn ich eine Freigabe von dir für von mir ausgesuchten Bildern zur Nutzung auf Social Media, Webseiten und Flyern bekomme.</p>



<p>Solltet ihr mehr als 5 Personen sein, empfehle ich euch eine zweite Stunde zu buchen. So hat jeder genug Zeit um in Ruhe vor der Kamera zu seinen Bildern zu kommen.</p>



<p>Möchtest du mehr als die im Grundpreis enthaltenen Bilder aus dem Shooting haben, kannst du für 5 Euro je Bild die Auswahl vergrößern. Dies wird dann nach der Auswahl separat berechnet.</p>



<p>Wenn du jetzt ein Flex-Shooting buchen möchtest, benötige ich folgende Daten am besten per Email oder WhatsApp:<br><br>&#8211; Deinen Namen und vollständige Anschrift für die Rechnung<br>&#8211; Eckdaten wie Anzahl der Personen und wo ihr gerne Bilder machen möchtet<br>&#8211; Wunschzeitraum für deine Bilder, damit ich dir schon Termine vorschlagen kann</p>



<p>Einen Termin und alles Weitere sprechen wir danach in Ruhe ab. </p>



<p>Für Fragen oder Buchungen erreichst du mich über diese Wege:<br><br>E-Mail: <a href="mailto:buchung@klimapic.de">buchung@klimapic.de</a><br>WhatsApp: <a href="https://wa.me/"> </a><a href="https://wa.me/4941217008888 ">https://wa.me/4941217008888 </a></p>



<p></p>

<p>Seit dem 1.1.2025 habe ich ein komplett neuen Modell der Preisgestaltung. Mit dem Flex-Shooting decke ich die allermeisten Fototermine für 39 Euro pro Stunde ab. Dabei spielt es keine Rolle mehr, wer mit wem vor der Kamera steht. Du allein, mit der Freundin oder dem Freund, deiner Schwester oder Bruder. Auch kleine Familien sind mit [&hellip;]</p>
